{"id":59378,"date":"2020-07-09T14:06:27","date_gmt":"2020-07-09T14:06:27","guid":{"rendered":"https:\/\/froca.cat\/politica-de-rsc\/"},"modified":"2021-02-07T10:40:22","modified_gmt":"2021-02-07T10:40:22","slug":"politica-de-rsc","status":"publish","type":"page","link":"https:\/\/froca.cat\/es\/politica-de-rsc\/","title":{"rendered":"POL\u00cdTICA DE RSC"},"content":{"rendered":"<p><div class=\"fusion-fullwidth fullwidth-box fusion-builder-row-1 fusion-flex-container nonhundred-percent-fullwidth non-hundred-percent-height-scrolling fusion-no-small-visibility\" style=\"--awb-border-radius-top-left:0px;--awb-border-radius-top-right:0px;--awb-border-radius-bottom-right:0px;--awb-border-radius-bottom-left:0px;--awb-padding-top:0px;--awb-padding-right:0px;--awb-padding-bottom:0px;--awb-padding-left:0px;--awb-margin-top:0px;--awb-margin-bottom:0px;--awb-background-color:rgba(219,219,219,0.99);--awb-flex-wrap:wrap;\" ><div class=\"fusion-builder-row fusion-row fusion-flex-align-items-flex-start fusion-flex-content-wrap\" style=\"max-width:calc( 1400px + 0px );margin-left: calc(-0px \/ 2 );margin-right: calc(-0px \/ 2 );\"><div class=\"fusion-layout-column fusion_builder_column fusion-builder-column-0 fusion_builder_column_1_1 1_1 fusion-flex-column\" style=\"--awb-padding-top:5%;--awb-padding-right:15%;--awb-padding-bottom:5%;--awb-padding-left:15%;--awb-bg-color:#ffffff;--awb-bg-color-hover:#ffffff;--awb-bg-size:cover;--awb-width-large:100%;--awb-margin-top-large:0px;--awb-spacing-right-large:0px;--awb-margin-bottom-large:0px;--awb-spacing-left-large:0px;--awb-width-medium:100%;--awb-spacing-right-medium:0px;--awb-spacing-left-medium:0px;--awb-width-small:100%;--awb-spacing-right-small:0px;--awb-spacing-left-small:0px;\"><div class=\"fusion-column-wrapper fusion-column-has-shadow fusion-flex-justify-content-flex-start fusion-content-layout-column\"><div class=\"fusion-builder-row fusion-builder-row-inner fusion-row fusion-flex-align-items-flex-start fusion-flex-content-wrap\" style=\"--awb-flex-grow:0;--awb-flex-grow-medium:0;--awb-flex-grow-small:0;--awb-flex-shrink:0;--awb-flex-shrink-medium:0;--awb-flex-shrink-small:0;width:calc( 100% + 0px ) !important;max-width:calc( 100% + 0px ) !important;margin-left: calc(-0px \/ 2 );margin-right: calc(-0px \/ 2 );\"><div class=\"fusion-layout-column fusion_builder_column_inner fusion-builder-nested-column-0 fusion_builder_column_inner_1_1 1_1 fusion-flex-column\" style=\"--awb-bg-size:cover;--awb-width-large:100%;--awb-margin-top-large:0px;--awb-spacing-right-large:0px;--awb-margin-bottom-large:20px;--awb-spacing-left-large:0px;--awb-width-medium:100%;--awb-spacing-right-medium:0px;--awb-spacing-left-medium:0px;--awb-width-small:100%;--awb-spacing-right-small:0px;--awb-spacing-left-small:0px;\"><div class=\"fusion-column-wrapper fusion-column-has-shadow fusion-flex-justify-content-flex-start fusion-content-layout-column\"><div class=\"fusion-title title fusion-title-1 fusion-sep-none fusion-title-text fusion-title-size-one\" style=\"--awb-text-color:#d81b5b;--awb-margin-top-small:10px;--awb-margin-bottom-small:10px;--awb-font-size:36px;\"><h1 class=\"fusion-title-heading title-heading-left fusion-responsive-typography-calculated\" style=\"margin:0;font-size:1em;--fontSize:36;line-height:1.2;\"><strong><u>POL\u00cdTICA DE RESPONSABILITAT SOCIAL<\/u><\/strong><\/h1><\/div><div class=\"fusion-separator fusion-full-width-sep\" style=\"align-self: center;margin-left: auto;margin-right: auto;margin-bottom:10px;width:100%;\"><\/div><div class=\"fusion-text fusion-text-1\" style=\"--awb-content-alignment:left;\" id=\"nosaltres\"><p>La Pol\u00edtica de Responsabilidad Social de F. ROCA nace de nuestros valores corporativos y orienta las acciones de la empresa en la direcci\u00f3n que define la misi\u00f3n y visi\u00f3n de nuestra compa\u00f1\u00eda a trav\u00e9s de los siguientes compromisos y criterios de gesti\u00f3n:<\/p>\n<ul>\n<li>Garantizar un <strong>comportamiento \u00e9tico<\/strong> de nuestra organizaci\u00f3n y de nuestros profesionales integrando las necesidades y expectativas de nuestros grupos de inter\u00e9s en la gesti\u00f3n de nuestra organizaci\u00f3n.<\/li>\n<li>Asegurar el cumplimiento de todos los <strong>requisitos legales y normativos <\/strong>de aplicaci\u00f3n en cualquiera de las actividades que lleva a cabo la compa\u00f1\u00eda as\u00ed como otros compromisos de car\u00e1cter voluntario que haya adquirido la organizaci\u00f3n.<\/li>\n<li>Con una visi\u00f3n amplia y abierta, establecer <strong>objetivos<\/strong> concretos y cuantificables que ser\u00e1n evaluados y actualizados con una periodicidad anual con la finalidad de avanzar en la mejora continua y la buena gesti\u00f3n.<\/li>\n<li>Integrar el <strong>desarrollo sostenible <\/strong>en nuestros servicios trabajando con la minimizaci\u00f3n de los impactos ambientales derivados de la actividad de la organizaci\u00f3n y promoviendo una cultura consciente de la alimentaci\u00f3n para contribuir a <strong>mejorar la salud de las personas<\/strong>.<\/li>\n<li>Orientar el esfuerzo de la organizaci\u00f3n y de nuestros profesionales hacia la satisfacci\u00f3n de las necesidades de nuestros clientes ofreciendo un servicio de calidad, eficiente y buscando la excelencia en todas nuestras actividades. Escuchamos las necesidades de los clientes ya sean ni\u00f1os o adultos.<\/li>\n<li>Implicarnos en el crecimiento personal y profesional de los equipos estableciendo canales de comunicaci\u00f3n interna para conocer sus necesidades y poniendo a su alcance informaci\u00f3n de su inter\u00e9s. Las personas que formamos parte de F. Roca somos el <strong>capital humano de nuestra empresa.<\/strong><\/li>\n<li>Mantener una relaci\u00f3n eficaz, eficiente y transparente con las <strong>empresas proveedoras<\/strong> basada en la confianza mutua e integrando los proveedores en la organizaci\u00f3n<strong>.<\/strong><\/li>\n<li>Establecer canales de comunicaci\u00f3n abiertos con los profesionales, clientes, empresas proveedoras, comunidad local y otros grupos de inter\u00e9s relacionados con la organizaci\u00f3n con la finalidad de conocer sus necesidades y expectativas y poder identificar oportunidades para mejorar su integraci\u00f3n en nuestra gesti\u00f3n y en nuestros servicios.<\/li>\n<\/ul>\n<p>ROCA tiene un fuerte compromiso\u00a0con la comunidad local impulsando y colaborando en diversas acciones sociales muchas de ellas de la mano de nuestros clientes.<\/p>\n<p>ROCA, S.L.<\/p>\n<p>Barcelona, 25 de julio de 2019<\/p>\n<\/div><\/div><\/div><\/div><\/div><\/div><\/div><\/div><div class=\"fusion-fullwidth fullwidth-box fusion-builder-row-2 fusion-flex-container nonhundred-percent-fullwidth non-hundred-percent-height-scrolling fusion-no-medium-visibility fusion-no-large-visibility\" style=\"--awb-border-radius-top-left:0px;--awb-border-radius-top-right:0px;--awb-border-radius-bottom-right:0px;--awb-border-radius-bottom-left:0px;--awb-padding-top:0px;--awb-padding-right:0px;--awb-padding-bottom:0px;--awb-padding-left:0px;--awb-margin-top:0px;--awb-margin-bottom:0px;--awb-background-color:rgba(219,219,219,0.99);--awb-flex-wrap:wrap;\" ><div class=\"fusion-builder-row fusion-row fusion-flex-align-items-flex-start fusion-flex-content-wrap\" style=\"max-width:calc( 1400px + 0px );margin-left: calc(-0px \/ 2 );margin-right: calc(-0px \/ 2 );\"><div class=\"fusion-layout-column fusion_builder_column fusion-builder-column-1 fusion_builder_column_1_1 1_1 fusion-flex-column\" style=\"--awb-padding-top:5%;--awb-padding-right:5%;--awb-padding-bottom:5%;--awb-padding-left:5%;--awb-bg-color:#ffffff;--awb-bg-color-hover:#ffffff;--awb-bg-size:cover;--awb-width-large:100%;--awb-margin-top-large:0px;--awb-spacing-right-large:0px;--awb-margin-bottom-large:0px;--awb-spacing-left-large:0px;--awb-width-medium:100%;--awb-spacing-right-medium:0px;--awb-spacing-left-medium:0px;--awb-width-small:100%;--awb-spacing-right-small:0px;--awb-spacing-left-small:0px;\"><div class=\"fusion-column-wrapper fusion-column-has-shadow fusion-flex-justify-content-flex-start fusion-content-layout-column\"><div class=\"fusion-builder-row fusion-builder-row-inner fusion-row fusion-flex-align-items-flex-start fusion-flex-content-wrap\" style=\"--awb-flex-grow:0;--awb-flex-grow-medium:0;--awb-flex-grow-small:0;--awb-flex-shrink:0;--awb-flex-shrink-medium:0;--awb-flex-shrink-small:0;width:calc( 100% + 0px ) !important;max-width:calc( 100% + 0px ) !important;margin-left: calc(-0px \/ 2 );margin-right: calc(-0px \/ 2 );\"><div class=\"fusion-layout-column fusion_builder_column_inner fusion-builder-nested-column-1 fusion_builder_column_inner_1_1 1_1 fusion-flex-column\" style=\"--awb-bg-size:cover;--awb-width-large:100%;--awb-margin-top-large:0px;--awb-spacing-right-large:0px;--awb-margin-bottom-large:20px;--awb-spacing-left-large:0px;--awb-width-medium:100%;--awb-spacing-right-medium:0px;--awb-spacing-left-medium:0px;--awb-width-small:100%;--awb-spacing-right-small:0px;--awb-spacing-left-small:0px;\"><div class=\"fusion-column-wrapper fusion-column-has-shadow fusion-flex-justify-content-flex-start fusion-content-layout-column\"><div class=\"fusion-title title fusion-title-2 fusion-sep-none fusion-title-text fusion-title-size-one\" style=\"--awb-text-color:#d81b5b;--awb-margin-top-small:10px;--awb-margin-bottom-small:10px;--awb-font-size:36px;\"><h1 class=\"fusion-title-heading title-heading-left fusion-responsive-typography-calculated\" style=\"margin:0;font-size:1em;--fontSize:36;line-height:1.2;\"><strong><u>POL\u00cdTICA DE RESPONSABILITAT SOCIAL<\/u><\/strong><\/h1><\/div><div class=\"fusion-separator fusion-full-width-sep\" style=\"align-self: center;margin-left: auto;margin-right: auto;margin-bottom:10px;width:100%;\"><\/div><div class=\"fusion-text fusion-text-2\" style=\"--awb-content-alignment:left;\" id=\"nosaltres\"><p>La Pol\u00edtica de Responsabilidad Social de F. ROCA nace de nuestros valores corporativos y orienta las acciones de la empresa en la direcci\u00f3n que define la misi\u00f3n y visi\u00f3n de nuestra compa\u00f1\u00eda a trav\u00e9s de los siguientes compromisos y criterios de gesti\u00f3n:<\/p>\n<ul>\n<li>Garantizar un <strong>comportamiento \u00e9tico<\/strong> de nuestra organizaci\u00f3n y de nuestros profesionales integrando las necesidades y expectativas de nuestros grupos de inter\u00e9s en la gesti\u00f3n de nuestra organizaci\u00f3n.<\/li>\n<li>Asegurar el cumplimiento de todos los <strong>requisitos legales y normativos <\/strong>de aplicaci\u00f3n en cualquiera de las actividades que lleva a cabo la compa\u00f1\u00eda as\u00ed como otros compromisos de car\u00e1cter voluntario que haya adquirido la organizaci\u00f3n.<\/li>\n<li>Con una visi\u00f3n amplia y abierta, establecer <strong>objetivos<\/strong> concretos y cuantificables que ser\u00e1n evaluados y actualizados con una periodicidad anual con la finalidad de avanzar en la mejora continua y la buena gesti\u00f3n.<\/li>\n<li>Integrar el <strong>desarrollo sostenible <\/strong>en nuestros servicios trabajando con la minimizaci\u00f3n de los impactos ambientales derivados de la actividad de la organizaci\u00f3n y promoviendo una cultura consciente de la alimentaci\u00f3n para contribuir a <strong>mejorar la salud de las personas<\/strong>.<\/li>\n<li>Orientar el esfuerzo de la organizaci\u00f3n y de nuestros profesionales hacia la satisfacci\u00f3n de las necesidades de nuestros clientes ofreciendo un servicio de calidad, eficiente y buscando la excelencia en todas nuestras actividades. Escuchamos las necesidades de los clientes ya sean ni\u00f1os o adultos.<\/li>\n<li>Implicarnos en el crecimiento personal y profesional de los equipos estableciendo canales de comunicaci\u00f3n interna para conocer sus necesidades y poniendo a su alcance informaci\u00f3n de su inter\u00e9s. Las personas que formamos parte de F. Roca somos el <strong>capital humano de nuestra empresa.<\/strong><\/li>\n<li>Mantener una relaci\u00f3n eficaz, eficiente y transparente con las <strong>empresas proveedoras<\/strong> basada en la confianza mutua e integrando los proveedores en la organizaci\u00f3n<strong>.<\/strong><\/li>\n<li>Establecer canales de comunicaci\u00f3n abiertos con los profesionales, clientes, empresas proveedoras, comunidad local y otros grupos de inter\u00e9s relacionados con la organizaci\u00f3n con la finalidad de conocer sus necesidades y expectativas y poder identificar oportunidades para mejorar su integraci\u00f3n en nuestra gesti\u00f3n y en nuestros servicios.<\/li>\n<\/ul>\n<p>ROCA tiene un fuerte compromiso\u00a0con la comunidad local impulsando y colaborando en diversas acciones sociales muchas de ellas de la mano de nuestros clientes.<\/p>\n<p>ROCA, S.L.<\/p>\n<p>Barcelona, 25 de julio de 2019<\/p>\n<\/div><\/div><\/div><\/div><\/div><\/div><\/div><\/div><\/p>\n","protected":false},"excerpt":{"rendered":"","protected":false},"author":1,"featured_media":0,"parent":0,"menu_order":0,"comment_status":"closed","ping_status":"closed","template":"100-width.php","meta":{"footnotes":""},"class_list":["post-59378","page","type-page","status-publish","hentry"],"_links":{"self":[{"href":"https:\/\/froca.cat\/es\/wp-json\/wp\/v2\/pages\/59378","targetHints":{"allow":["GET"]}}],"collection":[{"href":"https:\/\/froca.cat\/es\/wp-json\/wp\/v2\/pages"}],"about":[{"href":"https:\/\/froca.cat\/es\/wp-json\/wp\/v2\/types\/page"}],"author":[{"embeddable":true,"href":"https:\/\/froca.cat\/es\/wp-json\/wp\/v2\/users\/1"}],"replies":[{"embeddable":true,"href":"https:\/\/froca.cat\/es\/wp-json\/wp\/v2\/comments?post=59378"}],"version-history":[{"count":1,"href":"https:\/\/froca.cat\/es\/wp-json\/wp\/v2\/pages\/59378\/revisions"}],"predecessor-version":[{"id":59379,"href":"https:\/\/froca.cat\/es\/wp-json\/wp\/v2\/pages\/59378\/revisions\/59379"}],"wp:attachment":[{"href":"https:\/\/froca.cat\/es\/wp-json\/wp\/v2\/media?parent=59378"}],"curies":[{"name":"wp","href":"https:\/\/api.w.org\/{rel}","templated":true}]}}

POLÍTICA DE RSC

<p><div class="fusion-fullwidth fullwidth-box fusion-builder-row-1 fusion-flex-container nonhundred-percent-fullwidth non-hundred-percent-height-scrolling fusion-no-small-visibility" style="--awb-border-radius-top-left:0px;--awb-border-radius-top-right:0px;--awb-border-radius-bottom-right:0px;--awb-border-radius-bottom-left:0px;--awb-padding-top:0px;--awb-padding-right:0px;--awb-padding-bottom:0px;--awb-padding-left:0px;--awb-margin-top:0px;--awb-margin-bottom:0px;--awb-background-color:rgba(219,219,219,0.99);--awb-flex-wrap:wrap;" ><div class="fusion-builder-row fusion-row fusion-flex-align-items-flex-start fusion-flex-content-wrap" style="max-width:calc( 1400px + 0px );margin-left: calc(-0px / 2 );margin-right: calc(-0px / 2 );"><div class="fusion-layout-column fusion_builder_column fusion-builder-column-0 fusion_builder_column_1_1 1_1 fusion-flex-column" style="--awb-padding-top:5%;--awb-padding-right:15%;--awb-padding-bottom:5%;--awb-padding-left:15%;--awb-bg-color:#ffffff;--awb-bg-color-hover:#ffffff;--awb-bg-size:cover;--awb-width-large:100%;--awb-margin-top-large:0px;--awb-spacing-right-large:0px;--awb-margin-bottom-large:0px;--awb-spacing-left-large:0px;--awb-width-medium:100%;--awb-spacing-right-medium:0px;--awb-spacing-left-medium:0px;--awb-width-small:100%;--awb-spacing-right-small:0px;--awb-spacing-left-small:0px;"><div class="fusion-column-wrapper fusion-column-has-shadow fusion-flex-justify-content-flex-start fusion-content-layout-column"><div class="fusion-builder-row fusion-builder-row-inner fusion-row fusion-flex-align-items-flex-start fusion-flex-content-wrap" style="--awb-flex-grow:0;--awb-flex-grow-medium:0;--awb-flex-grow-small:0;--awb-flex-shrink:0;--awb-flex-shrink-medium:0;--awb-flex-shrink-small:0;width:calc( 100% + 0px ) !important;max-width:calc( 100% + 0px ) !important;margin-left: calc(-0px / 2 );margin-right: calc(-0px / 2 );"><div class="fusion-layout-column fusion_builder_column_inner fusion-builder-nested-column-0 fusion_builder_column_inner_1_1 1_1 fusion-flex-column" style="--awb-bg-size:cover;--awb-width-large:100%;--awb-margin-top-large:0px;--awb-spacing-right-large:0px;--awb-margin-bottom-large:20px;--awb-spacing-left-large:0px;--awb-width-medium:100%;--awb-spacing-right-medium:0px;--awb-spacing-left-medium:0px;--awb-width-small:100%;--awb-spacing-right-small:0px;--awb-spacing-left-small:0px;"><div class="fusion-column-wrapper fusion-column-has-shadow fusion-flex-justify-content-flex-start fusion-content-layout-column"><div class="fusion-title title fusion-title-1 fusion-sep-none fusion-title-text fusion-title-size-one" style="--awb-text-color:#d81b5b;--awb-margin-top-small:10px;--awb-margin-bottom-small:10px;--awb-font-size:36px;"><h1 class="fusion-title-heading title-heading-left fusion-responsive-typography-calculated" style="margin:0;font-size:1em;--fontSize:36;line-height:1.2;"><strong><u>POLÍTICA DE RESPONSABILITAT SOCIAL</u></strong></h1></div><div class="fusion-separator fusion-full-width-sep" style="align-self: center;margin-left: auto;margin-right: auto;margin-bottom:10px;width:100%;"></div><div class="fusion-text fusion-text-1" style="--awb-content-alignment:left;" id="nosaltres"><p>La Política de Responsabilidad Social de F. ROCA nace de nuestros valores corporativos y orienta las acciones de la empresa en la dirección que define la misión y visión de nuestra compañía a través de los siguientes compromisos y criterios de gestión:</p>
<ul>
<li>Garantizar un <strong>comportamiento ético</strong> de nuestra organización y de nuestros profesionales integrando las necesidades y expectativas de nuestros grupos de interés en la gestión de nuestra organización.</li>
<li>Asegurar el cumplimiento de todos los <strong>requisitos legales y normativos </strong>de aplicación en cualquiera de las actividades que lleva a cabo la compañía así como otros compromisos de carácter voluntario que haya adquirido la organización.</li>
<li>Con una visión amplia y abierta, establecer <strong>objetivos</strong> concretos y cuantificables que serán evaluados y actualizados con una periodicidad anual con la finalidad de avanzar en la mejora continua y la buena gestión.</li>
<li>Integrar el <strong>desarrollo sostenible </strong>en nuestros servicios trabajando con la minimización de los impactos ambientales derivados de la actividad de la organización y promoviendo una cultura consciente de la alimentación para contribuir a <strong>mejorar la salud de las personas</strong>.</li>
<li>Orientar el esfuerzo de la organización y de nuestros profesionales hacia la satisfacción de las necesidades de nuestros clientes ofreciendo un servicio de calidad, eficiente y buscando la excelencia en todas nuestras actividades. Escuchamos las necesidades de los clientes ya sean niños o adultos.</li>
<li>Implicarnos en el crecimiento personal y profesional de los equipos estableciendo canales de comunicación interna para conocer sus necesidades y poniendo a su alcance información de su interés. Las personas que formamos parte de F. Roca somos el <strong>capital humano de nuestra empresa.</strong></li>
<li>Mantener una relación eficaz, eficiente y transparente con las <strong>empresas proveedoras</strong> basada en la confianza mutua e integrando los proveedores en la organización<strong>.</strong></li>
<li>Establecer canales de comunicación abiertos con los profesionales, clientes, empresas proveedoras, comunidad local y otros grupos de interés relacionados con la organización con la finalidad de conocer sus necesidades y expectativas y poder identificar oportunidades para mejorar su integración en nuestra gestión y en nuestros servicios.</li>
</ul>
<p>ROCA tiene un fuerte compromiso con la comunidad local impulsando y colaborando en diversas acciones sociales muchas de ellas de la mano de nuestros clientes.</p>
<p>ROCA, S.L.</p>
<p>Barcelona, 25 de julio de 2019</p>
</div></div></div></div></div></div></div></div><div class="fusion-fullwidth fullwidth-box fusion-builder-row-2 fusion-flex-container nonhundred-percent-fullwidth non-hundred-percent-height-scrolling fusion-no-medium-visibility fusion-no-large-visibility" style="--awb-border-radius-top-left:0px;--awb-border-radius-top-right:0px;--awb-border-radius-bottom-right:0px;--awb-border-radius-bottom-left:0px;--awb-padding-top:0px;--awb-padding-right:0px;--awb-padding-bottom:0px;--awb-padding-left:0px;--awb-margin-top:0px;--awb-margin-bottom:0px;--awb-background-color:rgba(219,219,219,0.99);--awb-flex-wrap:wrap;" ><div class="fusion-builder-row fusion-row fusion-flex-align-items-flex-start fusion-flex-content-wrap" style="max-width:calc( 1400px + 0px );margin-left: calc(-0px / 2 );margin-right: calc(-0px / 2 );"><div class="fusion-layout-column fusion_builder_column fusion-builder-column-1 fusion_builder_column_1_1 1_1 fusion-flex-column" style="--awb-padding-top:5%;--awb-padding-right:5%;--awb-padding-bottom:5%;--awb-padding-left:5%;--awb-bg-color:#ffffff;--awb-bg-color-hover:#ffffff;--awb-bg-size:cover;--awb-width-large:100%;--awb-margin-top-large:0px;--awb-spacing-right-large:0px;--awb-margin-bottom-large:0px;--awb-spacing-left-large:0px;--awb-width-medium:100%;--awb-spacing-right-medium:0px;--awb-spacing-left-medium:0px;--awb-width-small:100%;--awb-spacing-right-small:0px;--awb-spacing-left-small:0px;"><div class="fusion-column-wrapper fusion-column-has-shadow fusion-flex-justify-content-flex-start fusion-content-layout-column"><div class="fusion-builder-row fusion-builder-row-inner fusion-row fusion-flex-align-items-flex-start fusion-flex-content-wrap" style="--awb-flex-grow:0;--awb-flex-grow-medium:0;--awb-flex-grow-small:0;--awb-flex-shrink:0;--awb-flex-shrink-medium:0;--awb-flex-shrink-small:0;width:calc( 100% + 0px ) !important;max-width:calc( 100% + 0px ) !important;margin-left: calc(-0px / 2 );margin-right: calc(-0px / 2 );"><div class="fusion-layout-column fusion_builder_column_inner fusion-builder-nested-column-1 fusion_builder_column_inner_1_1 1_1 fusion-flex-column" style="--awb-bg-size:cover;--awb-width-large:100%;--awb-margin-top-large:0px;--awb-spacing-right-large:0px;--awb-margin-bottom-large:20px;--awb-spacing-left-large:0px;--awb-width-medium:100%;--awb-spacing-right-medium:0px;--awb-spacing-left-medium:0px;--awb-width-small:100%;--awb-spacing-right-small:0px;--awb-spacing-left-small:0px;"><div class="fusion-column-wrapper fusion-column-has-shadow fusion-flex-justify-content-flex-start fusion-content-layout-column"><div class="fusion-title title fusion-title-2 fusion-sep-none fusion-title-text fusion-title-size-one" style="--awb-text-color:#d81b5b;--awb-margin-top-small:10px;--awb-margin-bottom-small:10px;--awb-font-size:36px;"><h1 class="fusion-title-heading title-heading-left fusion-responsive-typography-calculated" style="margin:0;font-size:1em;--fontSize:36;line-height:1.2;"><strong><u>POLÍTICA DE RESPONSABILITAT SOCIAL</u></strong></h1></div><div class="fusion-separator fusion-full-width-sep" style="align-self: center;margin-left: auto;margin-right: auto;margin-bottom:10px;width:100%;"></div><div class="fusion-text fusion-text-2" style="--awb-content-alignment:left;" id="nosaltres"><p>La Política de Responsabilidad Social de F. ROCA nace de nuestros valores corporativos y orienta las acciones de la empresa en la dirección que define la misión y visión de nuestra compañía a través de los siguientes compromisos y criterios de gestión:</p>
<ul>
<li>Garantizar un <strong>comportamiento ético</strong> de nuestra organización y de nuestros profesionales integrando las necesidades y expectativas de nuestros grupos de interés en la gestión de nuestra organización.</li>
<li>Asegurar el cumplimiento de todos los <strong>requisitos legales y normativos </strong>de aplicación en cualquiera de las actividades que lleva a cabo la compañía así como otros compromisos de carácter voluntario que haya adquirido la organización.</li>
<li>Con una visión amplia y abierta, establecer <strong>objetivos</strong> concretos y cuantificables que serán evaluados y actualizados con una periodicidad anual con la finalidad de avanzar en la mejora continua y la buena gestión.</li>
<li>Integrar el <strong>desarrollo sostenible </strong>en nuestros servicios trabajando con la minimización de los impactos ambientales derivados de la actividad de la organización y promoviendo una cultura consciente de la alimentación para contribuir a <strong>mejorar la salud de las personas</strong>.</li>
<li>Orientar el esfuerzo de la organización y de nuestros profesionales hacia la satisfacción de las necesidades de nuestros clientes ofreciendo un servicio de calidad, eficiente y buscando la excelencia en todas nuestras actividades. Escuchamos las necesidades de los clientes ya sean niños o adultos.</li>
<li>Implicarnos en el crecimiento personal y profesional de los equipos estableciendo canales de comunicación interna para conocer sus necesidades y poniendo a su alcance información de su interés. Las personas que formamos parte de F. Roca somos el <strong>capital humano de nuestra empresa.</strong></li>
<li>Mantener una relación eficaz, eficiente y transparente con las <strong>empresas proveedoras</strong> basada en la confianza mutua e integrando los proveedores en la organización<strong>.</strong></li>
<li>Establecer canales de comunicación abiertos con los profesionales, clientes, empresas proveedoras, comunidad local y otros grupos de interés relacionados con la organización con la finalidad de conocer sus necesidades y expectativas y poder identificar oportunidades para mejorar su integración en nuestra gestión y en nuestros servicios.</li>
</ul>
<p>ROCA tiene un fuerte compromiso con la comunidad local impulsando y colaborando en diversas acciones sociales muchas de ellas de la mano de nuestros clientes.</p>
<p>ROCA, S.L.</p>
<p>Barcelona, 25 de julio de 2019</p>
</div></div></div></div></div></div></div></div></p>
