{"id":60443,"date":"2021-05-23T10:42:12","date_gmt":"2021-05-23T10:42:12","guid":{"rendered":"https:\/\/froca.cat\/?page_id=60443"},"modified":"2021-05-23T10:42:47","modified_gmt":"2021-05-23T10:42:47","slug":"comunicado-familas-salvador-espriu-en-relacion-a-la-gestion-de-lass-becas-octubre-2020","status":"publish","type":"page","link":"https:\/\/froca.cat\/es\/comunicado-familas-salvador-espriu-en-relacion-a-la-gestion-de-lass-becas-octubre-2020\/","title":{"rendered":"COMUNICADO FAMILAS SALVADOR ESPRIU EN RELACI\u00d3N A LA GESTI\u00d3N DE LASS BECAS OCTUBRE 2020"},"content":{"rendered":"<p><div class=\"fusion-fullwidth fullwidth-box fusion-builder-row-1 fusion-flex-container nonhundred-percent-fullwidth non-hundred-percent-height-scrolling\" style=\"--awb-border-radius-top-left:0px;--awb-border-radius-top-right:0px;--awb-border-radius-bottom-right:0px;--awb-border-radius-bottom-left:0px;--awb-background-color:rgba(219,219,219,0.99);--awb-flex-wrap:wrap;\" id=\"listados\" ><div class=\"fusion-builder-row fusion-row fusion-flex-align-items-flex-start fusion-flex-content-wrap\" style=\"max-width:1456px;margin-left: calc(-4% \/ 2 );margin-right: calc(-4% \/ 2 );\"><div class=\"fusion-layout-column fusion_builder_column fusion-builder-column-0 fusion_builder_column_1_1 1_1 fusion-flex-column\" style=\"--awb-padding-top:4%;--awb-padding-right:3%;--awb-padding-bottom:2%;--awb-padding-left:7%;--awb-bg-color:#ffffff;--awb-bg-color-hover:#ffffff;--awb-bg-size:cover;--awb-width-large:100%;--awb-margin-top-large:0px;--awb-spacing-right-large:1.92%;--awb-margin-bottom-large:0px;--awb-spacing-left-large:1.92%;--awb-width-medium:100%;--awb-spacing-right-medium:1.92%;--awb-spacing-left-medium:1.92%;--awb-width-small:100%;--awb-spacing-right-small:1.92%;--awb-spacing-left-small:1.92%;\"><div class=\"fusion-column-wrapper fusion-column-has-shadow fusion-flex-justify-content-flex-start fusion-content-layout-column\"><div class=\"fusion-builder-row fusion-builder-row-inner fusion-row fusion-flex-align-items-flex-start fusion-flex-content-wrap\" style=\"--awb-flex-grow:0;--awb-flex-grow-medium:0;--awb-flex-grow-small:0;--awb-flex-shrink:0;--awb-flex-shrink-medium:0;--awb-flex-shrink-small:0;width:104% !important;max-width:104% !important;margin-left: calc(-4% \/ 2 );margin-right: calc(-4% \/ 2 );\"><div class=\"fusion-layout-column fusion_builder_column_inner fusion-builder-nested-column-0 fusion_builder_column_inner_1_1 1_1 fusion-flex-column\" style=\"--awb-bg-size:cover;--awb-width-large:100%;--awb-margin-top-large:0px;--awb-spacing-right-large:1.92%;--awb-margin-bottom-large:20px;--awb-spacing-left-large:1.92%;--awb-width-medium:100%;--awb-spacing-right-medium:1.92%;--awb-spacing-left-medium:1.92%;--awb-width-small:100%;--awb-spacing-right-small:1.92%;--awb-spacing-left-small:1.92%;\"><div class=\"fusion-column-wrapper fusion-column-has-shadow fusion-flex-justify-content-flex-start fusion-content-layout-column\"><div class=\"fusion-title title fusion-title-1 fusion-sep-none fusion-title-text fusion-title-size-two\" style=\"--awb-text-color:#d81b5b;--awb-margin-top-small:10px;--awb-margin-bottom-small:10px;--awb-font-size:30px;\"><h2 class=\"fusion-title-heading title-heading-left fusion-responsive-typography-calculated\" style=\"margin:0;font-size:1em;--fontSize:30;line-height:1.0;\">COMUNICADO FAMILAS SALVADOR ESPRIU EN RELACI\u00d3N A LA GESTI\u00d3N DE LASS BECAS OCTUBRE 2020<\/h2><\/div><\/div><\/div><\/div><\/div><\/div><\/div><\/div><div class=\"fusion-fullwidth fullwidth-box fusion-builder-row-2 fusion-flex-container nonhundred-percent-fullwidth non-hundred-percent-height-scrolling\" style=\"--awb-border-radius-top-left:0px;--awb-border-radius-top-right:0px;--awb-border-radius-bottom-right:0px;--awb-border-radius-bottom-left:0px;--awb-flex-wrap:wrap;\" ><div class=\"fusion-builder-row fusion-row fusion-flex-align-items-flex-start fusion-flex-content-wrap\" style=\"max-width:1456px;margin-left: calc(-4% \/ 2 );margin-right: calc(-4% \/ 2 );\"><div class=\"fusion-layout-column fusion_builder_column fusion-builder-column-1 fusion_builder_column_1_1 1_1 fusion-flex-column\" style=\"--awb-bg-size:cover;--awb-width-large:100%;--awb-margin-top-large:0px;--awb-spacing-right-large:1.92%;--awb-margin-bottom-large:20px;--awb-spacing-left-large:1.92%;--awb-width-medium:100%;--awb-order-medium:0;--awb-spacing-right-medium:1.92%;--awb-spacing-left-medium:1.92%;--awb-width-small:100%;--awb-order-small:0;--awb-spacing-right-small:1.92%;--awb-spacing-left-small:1.92%;\"><div class=\"fusion-column-wrapper fusion-column-has-shadow fusion-flex-justify-content-flex-start fusion-content-layout-column\"><div class=\"fusion-text fusion-text-1\" style=\"--awb-content-alignment:left;\"><p>Queridas familias,<\/p>\n<p>A continuaci\u00f3n explicamos qu\u00e9 opciones tienen para gestionar las becas que han concedido a sus hijos e hijas. Esperamos esta informaci\u00f3n sea de utilidad.<\/p>\n<p>De acuerdo con la escuela, y con lo que ven\u00edais haciendo habitualmente, quien tiene concedida una beca del 70% tiene tres opciones:<\/p>\n<ol>\n<li>Tu hijo\/a se podr\u00e1 quedar cada d\u00eda hasta final de curso a\u00f1adiendo el 30% del importe del precio de la cuota de comedor.<\/li>\n<li>Se pueden quedar a comer todos los d\u00edas, hasta agotar la beca, es decir compactarla. Esto quiere decir que a finales de abril o principios de abril habr\u00edan consumido toda la beca.<\/li>\n<li>Se pueden quedar 3,5 d\u00edas a la semana. En realidad lo que pasa es que una semana se pueden quedar tres d\u00edas y la otra cuatro, durante todos los meses.<\/li>\n<\/ol>\n<p>Si le han concedido el 100% de la beca tu hijo o hija se podr\u00e1n quedar siempre en el comedor.<\/p>\n<p>Os pedimos que rellene igualmente la hoja de inscripci\u00f3n en el comedor, si no lo ha hecho, porque contiene informaci\u00f3n que necesitamos para poder gestionar la asistencia de sus hijos e hijas en el comedor: nombre, apellido, clase, su autorizaci\u00f3n para que haga uso del comedor, si tiene alguna alergia y \/ o intolerancia, o necesidad especial. Asimismo nos puede autorizar o no a recibir informaci\u00f3n nuestra que puede ser interesante para vosotros.<\/p>\n<p>Para cualquier duda os atenderemos en el tel\u00e9fono 93 674 11 22\u00a0 pregunten por Vanesa, escriban al mail vanesafarres@froca.cat o por Olga a <a href=\"mailto:olgarius@froca.cat\">olgarius@froca.cat<\/a><\/p>\n<p>Durante los pr\u00f3ximos d\u00edas nos pondremos en contacto para revisar que la informaci\u00f3n que tenemos sobre su beca es la correcta y as\u00ed enmendar, si fuera necesaria, alg\u00fan posible error.<\/p>\n<p>Saludos cordiales<\/p>\n<p>Olga R\u00edos Contable<\/p>\n<\/div><\/div><\/div><\/div><\/div><\/p>\n","protected":false},"excerpt":{"rendered":"","protected":false},"author":1,"featured_media":0,"parent":0,"menu_order":0,"comment_status":"closed","ping_status":"closed","template":"","meta":{"footnotes":""},"class_list":["post-60443","page","type-page","status-publish","hentry"],"_links":{"self":[{"href":"https:\/\/froca.cat\/es\/wp-json\/wp\/v2\/pages\/60443","targetHints":{"allow":["GET"]}}],"collection":[{"href":"https:\/\/froca.cat\/es\/wp-json\/wp\/v2\/pages"}],"about":[{"href":"https:\/\/froca.cat\/es\/wp-json\/wp\/v2\/types\/page"}],"author":[{"embeddable":true,"href":"https:\/\/froca.cat\/es\/wp-json\/wp\/v2\/users\/1"}],"replies":[{"embeddable":true,"href":"https:\/\/froca.cat\/es\/wp-json\/wp\/v2\/comments?post=60443"}],"version-history":[{"count":2,"href":"https:\/\/froca.cat\/es\/wp-json\/wp\/v2\/pages\/60443\/revisions"}],"predecessor-version":[{"id":60445,"href":"https:\/\/froca.cat\/es\/wp-json\/wp\/v2\/pages\/60443\/revisions\/60445"}],"wp:attachment":[{"href":"https:\/\/froca.cat\/es\/wp-json\/wp\/v2\/media?parent=60443"}],"curies":[{"name":"wp","href":"https:\/\/api.w.org\/{rel}","templated":true}]}}

COMUNICADO FAMILAS SALVADOR ESPRIU EN RELACIÓN A LA GESTIÓN DE LASS BECAS OCTUBRE 2020

<p><div class="fusion-fullwidth fullwidth-box fusion-builder-row-1 fusion-flex-container nonhundred-percent-fullwidth non-hundred-percent-height-scrolling" style="--awb-border-radius-top-left:0px;--awb-border-radius-top-right:0px;--awb-border-radius-bottom-right:0px;--awb-border-radius-bottom-left:0px;--awb-background-color:rgba(219,219,219,0.99);--awb-flex-wrap:wrap;" id="listados" ><div class="fusion-builder-row fusion-row fusion-flex-align-items-flex-start fusion-flex-content-wrap" style="max-width:1456px;margin-left: calc(-4% / 2 );margin-right: calc(-4% / 2 );"><div class="fusion-layout-column fusion_builder_column fusion-builder-column-0 fusion_builder_column_1_1 1_1 fusion-flex-column" style="--awb-padding-top:4%;--awb-padding-right:3%;--awb-padding-bottom:2%;--awb-padding-left:7%;--awb-bg-color:#ffffff;--awb-bg-color-hover:#ffffff;--awb-bg-size:cover;--awb-width-large:100%;--awb-margin-top-large:0px;--awb-spacing-right-large:1.92%;--awb-margin-bottom-large:0px;--awb-spacing-left-large:1.92%;--awb-width-medium:100%;--awb-spacing-right-medium:1.92%;--awb-spacing-left-medium:1.92%;--awb-width-small:100%;--awb-spacing-right-small:1.92%;--awb-spacing-left-small:1.92%;"><div class="fusion-column-wrapper fusion-column-has-shadow fusion-flex-justify-content-flex-start fusion-content-layout-column"><div class="fusion-builder-row fusion-builder-row-inner fusion-row fusion-flex-align-items-flex-start fusion-flex-content-wrap" style="--awb-flex-grow:0;--awb-flex-grow-medium:0;--awb-flex-grow-small:0;--awb-flex-shrink:0;--awb-flex-shrink-medium:0;--awb-flex-shrink-small:0;width:104% !important;max-width:104% !important;margin-left: calc(-4% / 2 );margin-right: calc(-4% / 2 );"><div class="fusion-layout-column fusion_builder_column_inner fusion-builder-nested-column-0 fusion_builder_column_inner_1_1 1_1 fusion-flex-column" style="--awb-bg-size:cover;--awb-width-large:100%;--awb-margin-top-large:0px;--awb-spacing-right-large:1.92%;--awb-margin-bottom-large:20px;--awb-spacing-left-large:1.92%;--awb-width-medium:100%;--awb-spacing-right-medium:1.92%;--awb-spacing-left-medium:1.92%;--awb-width-small:100%;--awb-spacing-right-small:1.92%;--awb-spacing-left-small:1.92%;"><div class="fusion-column-wrapper fusion-column-has-shadow fusion-flex-justify-content-flex-start fusion-content-layout-column"><div class="fusion-title title fusion-title-1 fusion-sep-none fusion-title-text fusion-title-size-two" style="--awb-text-color:#d81b5b;--awb-margin-top-small:10px;--awb-margin-bottom-small:10px;--awb-font-size:30px;"><h2 class="fusion-title-heading title-heading-left fusion-responsive-typography-calculated" style="margin:0;font-size:1em;--fontSize:30;line-height:1.0;">COMUNICADO FAMILAS SALVADOR ESPRIU EN RELACIÓN A LA GESTIÓN DE LASS BECAS OCTUBRE 2020</h2></div></div></div></div></div></div></div></div><div class="fusion-fullwidth fullwidth-box fusion-builder-row-2 fusion-flex-container nonhundred-percent-fullwidth non-hundred-percent-height-scrolling" style="--awb-border-radius-top-left:0px;--awb-border-radius-top-right:0px;--awb-border-radius-bottom-right:0px;--awb-border-radius-bottom-left:0px;--awb-flex-wrap:wrap;" ><div class="fusion-builder-row fusion-row fusion-flex-align-items-flex-start fusion-flex-content-wrap" style="max-width:1456px;margin-left: calc(-4% / 2 );margin-right: calc(-4% / 2 );"><div class="fusion-layout-column fusion_builder_column fusion-builder-column-1 fusion_builder_column_1_1 1_1 fusion-flex-column" style="--awb-bg-size:cover;--awb-width-large:100%;--awb-margin-top-large:0px;--awb-spacing-right-large:1.92%;--awb-margin-bottom-large:20px;--awb-spacing-left-large:1.92%;--awb-width-medium:100%;--awb-order-medium:0;--awb-spacing-right-medium:1.92%;--awb-spacing-left-medium:1.92%;--awb-width-small:100%;--awb-order-small:0;--awb-spacing-right-small:1.92%;--awb-spacing-left-small:1.92%;"><div class="fusion-column-wrapper fusion-column-has-shadow fusion-flex-justify-content-flex-start fusion-content-layout-column"><div class="fusion-text fusion-text-1" style="--awb-content-alignment:left;"><p>Queridas familias,</p>
<p>A continuación explicamos qué opciones tienen para gestionar las becas que han concedido a sus hijos e hijas. Esperamos esta información sea de utilidad.</p>
<p>De acuerdo con la escuela, y con lo que veníais haciendo habitualmente, quien tiene concedida una beca del 70% tiene tres opciones:</p>
<ol>
<li>Tu hijo/a se podrá quedar cada día hasta final de curso añadiendo el 30% del importe del precio de la cuota de comedor.</li>
<li>Se pueden quedar a comer todos los días, hasta agotar la beca, es decir compactarla. Esto quiere decir que a finales de abril o principios de abril habrían consumido toda la beca.</li>
<li>Se pueden quedar 3,5 días a la semana. En realidad lo que pasa es que una semana se pueden quedar tres días y la otra cuatro, durante todos los meses.</li>
</ol>
<p>Si le han concedido el 100% de la beca tu hijo o hija se podrán quedar siempre en el comedor.</p>
<p>Os pedimos que rellene igualmente la hoja de inscripción en el comedor, si no lo ha hecho, porque contiene información que necesitamos para poder gestionar la asistencia de sus hijos e hijas en el comedor: nombre, apellido, clase, su autorización para que haga uso del comedor, si tiene alguna alergia y / o intolerancia, o necesidad especial. Asimismo nos puede autorizar o no a recibir información nuestra que puede ser interesante para vosotros.</p>
<p>Para cualquier duda os atenderemos en el teléfono 93 674 11 22  pregunten por Vanesa, escriban al mail vanesafarres@froca.cat o por Olga a <a href="mailto:olgarius@froca.cat">olgarius@froca.cat</a></p>
<p>Durante los próximos días nos pondremos en contacto para revisar que la información que tenemos sobre su beca es la correcta y así enmendar, si fuera necesaria, algún posible error.</p>
<p>Saludos cordiales</p>
<p>Olga Ríos Contable</p>
</div></div></div></div></div></p>
